198
Let b be (1 - -1)*(-10)/20. Calculate the remainder when 3*(3 - 176/(-12)) is divided by (266/(-28))/(b/2).
15
What is the remainder when 496 is divided by 254/18 + (640/(-90) - -7)?
6
Suppose -820*o + h = -816*o - 15109, 2*h - 3775 = -o. Calculate the remainder when o is divided by 70.
67
Let v = 4470 - 3989. What is the remainder when v is divided by 61?
54
Let x(w) = -20*w - 22. Let i(o) = 99*o + 110. Let z(m) = 2*i(m) + 11*x(m). Let g be z(-5). Let h = g + -62. Calculate the remainder when h is divided by 10.
6
Let c(n) = -117*n + 4697. Calculate the remainder when 1222 is divided by c(40).
15
Suppose -4*v = 13*m - 17138, -v = -6*m + 11*m - 6591. Calculate the remainder when m is divided by 88.
86
Suppose -3*n + 42 = 3*m, 5 = 5*n + 10. Let g(r) = -1 + 1 - 4*r + 6*r**2. What is the remainder when g(3) is divided by m?
12
Let a = -11068 - -11076. Calculate the remainder when 3206 is divided by a.
6
Suppose i + 68 = 4*g, -2*i = -2*g - 2*g + 72. Suppose -g*y = -4*y - 180. Calculate the remainder when 36 is divided by y.
6
What is the remainder when (-6310)/(-25) + 308/(-220) is divided by 34?
13
Suppose 10 = 5*k, 5*i - 4*k = -0*i - 68. Calculate the remainder when 88 is divided by 86*i/(-57) - (-48)/(-456).
16
Let z be (-19)/(-9) - (-13 + (-826)/(-63)). Calculate the remainder when 244 is divided by 40 - (5 + z + -2).
34
Suppose 1832*r = 1822*r + 7640. What is the remainder when r is divided by 55?
49
Let v be (-2 + (-40)/(-32))*-128. Suppose -354*m + v = -346*m. What is the remainder when m is divided by 11?
1
Let m(q) = -22*q + 311. What is the remainder when 22/3 + 5/(-15) is divided by m(14)?
1
Let z be ((-144)/(-5) - 2)/(26/65). Suppose 0 = -9*x + z + 77. Let w(i) = i**2 - 14*i + 13. Calculate the remainder when w(x) is divided by 16.
13
Let p(i) = -107*i + 110. Calculate the remainder when 656 is divided by p(1).
2
Let s be (-10)/(-3)*(-7)/((-84)/18). Suppose -s*x - 18 = -7*x. Let o = x + 64. Calculate the remainder when o is divided by 38.
35
Let u = 12392 + -11353. What is the remainder when u is divided by 95?
89
Let l(k) = -76*k**3 - k**2 + 3*k - 1. Let s be l(1). Let o = -80 - s. Calculate the remainder when ((-4)/o)/(1385/275 - 5) is divided by 7.
1
Calculate the remainder when (-2)/13 + -5542*(-8)/208 is divided by 114.
99
Suppose -4*t - 2013 + 2125 = 0. Let l(n) = -8*n - 168. What is the remainder when l(-38) is divided by t?
24
Suppose -4*a - 93 + 113 = 0. Let c = 236 + -87. What is the remainder when c is divided by a/2*1/(-2)*-20?
24
Let n = -96555 + 96571. Suppose 3*s = -5 + 146. Calculate the remainder when s is divided by n.
15
Let o = 125 + -24. Let d = 104 - o. Suppose -45 = -2*q - q. Calculate the remainder when q is divided by d.
0
Suppose 0 = -14*k + 12 - 306. What is the remainder when 13 is divided by (-1 - k)*((-27)/6 - -5)?
3
Let x = -1735 + 1745. Suppose -2*l - a + 95 = 0, -4*l - a + 3*a = -194. What is the remainder when l is divided by x?
8
Suppose 8*j + 18951 - 19703 = 0. What is the remainder when 3662 is divided by j?
90
Let s = -111 - -221. Suppose -o - s = -6*o. Let a = 94 - 53. Calculate the remainder when a is divided by o.
19
Let q(p) = 2*p**2 + 10*p + 28. Let d = 205 + -212. What is the remainder when q(d) is divided by 18?
2
Let c(s) be the third derivative of 83*s**5/60 + s**4/8 - s**3/3 - 25*s**2. Calculate the remainder when c(1) is divided by (-7)/21 - (-264)/9.
26
Let t(n) = n**3 - 4*n**2 + 3. Let k be t(4). Suppose -3*d + k*h = -699, d + d = 5*h + 463. What is the remainder when d is divided by 34?
30
Suppose 3*w = 5*j - 25, 5*j - 7 = 2*w + 8. Calculate the remainder when 2/w - 2523/(-15) is divided by 945/108 + 5/4.
8
Let d = 211 + -173. Suppose 0 = -d*c + 35*c + 342. Suppose -3*r + 15 = 0, -4*r + 141 = 5*p - 74. What is the remainder when c is divided by p?
36
Let g be (45/30)/(2 - (-34)/(-20)). Suppose 3 = i - g. Suppose -16 = -4*a + 4*z, -2*a = 4*z - z - i. What is the remainder when 9 is divided by a?
1
Suppose 35 = -4*w - s - 94, 5*w + 4*s = -164. Let x be (-19 + -14)*(-2 + 1) + 3. Let l = x + w. Calculate the remainder when 11 is divided by l.
3
Let x = -12 - -17. Let b = -11 - -12. Suppose x*d = 2*h + 74, 5 + b = 2*h. Calculate the remainder when 58 is divided by d.
10
Suppose -52*b - 107*b + 1168 + 581 = 0. Suppose 120 = -2*a + 6*a. What is the remainder when a is divided by b?
8
Let k be -5*(840/(-25) - -9). Suppose 3*y - 3*a - k = 9, -4*y + a + 173 = 0. Calculate the remainder when y is divided by 23.
20
Let h = -8689 - -9021. Calculate the remainder when h is divided by 194.
138
Suppose -33 = -3*t - 8*t. Suppose 0 = t*w + 85 - 268. Let l(m) = -m**3 + 6*m**2 - 1. Calculate the remainder when w is divided by l(5).
13
Let h(i) = i**2 - 4*i - 10. Suppose -2*l = -7*l + 20, -2*l = -u - 19. Let d(f) = -2*f**2 - 23*f - 5. What is the remainder when h(7) is divided by d(u)?
5
Let y(l) = 2*l**2 + 3*l - 1. Let w be y(1). Suppose -2*q = w*t - 522, -5*t + 355 = -5*q - 260. Let a = 709 + -683. What is the remainder when t is divided by a?
24
What is the remainder when 329 is divided by ((-18)/(-5))/((-12)/(-80))?
17
Let t(g) = 2*g**3 - 15*g**2 - 2*g + 22. Suppose -473*k + 469*k + 32 = 0. What is the remainder when 138 is divided by t(k)?
68
Suppose -7*b = g - 197, -4*b - 62*g = -61*g - 116. What is the remainder when 79 is divided by b?
25
Let l be (67 + -3 - 5) + -3. What is the remainder when 16 is divided by 816/l + (-3)/(-7)?
1
Suppose -5*s = -2*s - 6. Suppose 0 = 2*k - 10, -170*k = -2*g - 171*k + 41. Calculate the remainder when (8*(-3)/g)/(s/(-69)) is divided by 17.
12
Suppose 0 = -13*x + 12*x + 84. Let b = 148 - x. Let c = -50 + b. Calculate the remainder when 41 is divided by c.
13
Let o(u) = 3*u**3 + 4*u**2 - 3*u - 12. Let t(m) = m**3 - 1. Let d(g) = o(g) - 2*t(g). Calculate the remainder when 70 is divided by d(-3).
6
Let u = 629 + -117. Suppose -2*n + 150 = z, 5*n + 119 = 2*z + u. What is the remainder when n is divided by 20?
17
Suppose 2*h = -3*j + 6863, 32*j - h - 11447 = 27*j. Calculate the remainder when j is divided by 60.
9
Suppose -5*m - 272 = -3*d, -69*d = -72*d + 4*m + 268. Calculate the remainder when 11505 is divided by d.
81
Let d = -626 - -659. Suppose 1365 = d*j + 6*j. What is the remainder when 104 is divided by j?
34
Let g(y) = -39*y + 120. Let c be g(3). Suppose c*b - 203 = -5*p, 43 = 3*p - b - 90. What is the remainder when 148 is divided by p?
19
Let p(a) = -38*a + 403. Let v(x) = 19*x - 204. Let m(t) = 2*p(t) + 5*v(t). Calculate the remainder when 118 is divided by m(13).
19
Suppose 245 = 5*x + 3*k, 2*k + 118 = 3*x - 2*k. What is the remainder when 0/(-4 - -6) + x is divided by 20?
6
Suppose -35*f + 74 = -33*f - 5*o, 4*f - 202 = o. What is the remainder when 66 is divided by f?
14
Let k = 4785 - 4680. What is the remainder when 414 is divided by k?
99
Let g = -1826 + 1836. What is the remainder when 87 is divided by g?
7
Let z(q) = -14*q + 129. Suppose 6*x = 9*x + 2*m - 25, 5*x - 3*m - 48 = 0. Calculate the remainder when 54 is divided by z(x).
0
Let q be 35/(-14)*306/(-15). Let p(s) = -s**2 + s + 1. Let a be p(-4). Let w = a + q. What is the remainder when w is divided by 9?
5
Let c(o) = o**2 + 14*o + 11. Suppose 5*n - 90 + 60 = 0. Calculate the remainder when c(n) is divided by 45.
41
Let c = 436 - 369. Suppose -152 = -c*r + 63*r. What is the remainder when 128 is divided by r?
14
Suppose -114*n - 1653 = -131*n + 2852. Let r(y) = -y**3 + 9*y**2 - 7*y + 2. Calculate the remainder when n is divided by r(6).
61
Suppose 924*r = 925*r - 1. Suppose -5*u + 21 = -34. What is the remainder when u is divided by r?
0
Suppose -9 = 4*k + 2*y - 5, -4*k + 4*y + 20 = 0. What is the remainder when 90 is divided by (k + -15 - -7)/(-1)?
6
Suppose -57*q + 1920 = -17*q. What is the remainder when 279 is divided by q?
39
Suppose -51*j = -48*j + l - 1044, 3*j + 4*l - 1026 = 0. What is the remainder when j is divided by 93?
71
Let x = -13235 - -16899. What is the remainder when x is divided by 49?
38
Let f be (4 + 9/(-3))/((-5)/(-15)). Suppose 4*s = 2*j - 34, s = f*s - 8. What is the remainder when 173 is divided by j?
23
Suppose i = 3*i - 386. Suppose 0 = 3*o - 4*t - t - i, o + 2*t - 68 = 0. Let s(w) = 2*w**2 + 11*w - 17. What is the remainder when o is divided by s(-8)?
20
Let 